{"id":594,"date":"2020-08-12T14:04:55","date_gmt":"2020-08-12T14:04:55","guid":{"rendered":"http:\/\/asca.ro\/?page_id=594"},"modified":"2026-03-28T00:40:58","modified_gmt":"2026-03-27T22:40:58","slug":"povestea-noastra","status":"publish","type":"page","link":"https:\/\/asca.ro\/en\/povestea-noastra\/","title":{"rendered":"Our story"},"content":{"rendered":"<p style=\"text-align: center;\" align=\"center\"><strong>Our story<\/strong><\/p>\n<p style=\"text-align: center;\" align=\"center\"><strong>\u00a0 \u00a0 \u00a0 \u00a0 Suntem o asociatie din orasul Medias jud Sibiu compusa din \u00a0p\u0103rin\u021bi a copiilor cu autism, avand ca scop recuperarea copiilor nostri.\u00centr-o lume \u00een care a fi diferit nu este tolerat u\u0219or, \u00een care dreptul la educa\u021bie \u0219i o copil\u0103rie fericit\u0103 este furat de diagnostice pe care copiii le primesc din ce \u00een ce mai des, am \u00een\u021beles c\u0103 \u00eempreun\u0103, p\u0103rin\u021bi \u0219i speciali\u0219ti trebuie s\u0103 lupt\u0103m impreuna pentru recuperarea copiilor <\/strong><strong>no\u0219tri.In prezent 1 din 44 de b\u0103ie\u0163i \u015fi 1 din 84 de fete sufera de tulburare din spectrul autist.<\/strong><\/p>\n<p><strong>Asociatia a fost \u00eenfiin\u021bat\u0103 \u00een anul 2018 de 5 p\u0103rin\u021bi cu copii diagnostica\u021bi cu autism. \u00centre timp numarul copiilor de care ne ocupam a ajuns la 32. Vorbim despre copii cu afec\u021biuni din gama autismului ,TSA, ADHD, retard \u00een dezvoltare, copii cu Cerin\u021be Educa\u021bionale Speciale.(CES)<\/strong><br \/>\n<strong>We started on this road because there are not enough places in Media\u0219 to treat these diseases and we thought it was time for us, the parents, to get involved.<\/strong><br \/>\n<strong>These children need as therapy treatment, they need behavioral therapy, sensory therapy, speech therapy, occupational therapy, therapies that should be done daily and should not be interrupted. These therapies cost a lot. The children in the association are between 3 and 13 years old and many have chances to recover.<\/strong><br \/>\n<strong>Asocia\u021bia Sf\u00e2ntul Casian a dorit \u00eenfin\u021barea unui centru de zi pentru copii, unde terapia s\u0103 fie gratis. P\u00e2n\u0103 nu demult ni s-a spus c\u0103 nu exist\u0103 a\u0219a ceva \u0219i nu va exista niciodat\u0103. Ei bine, noi, nu ne-am mul\u021bumit cu acest r\u0103spuns \u0219i am continuat \u201c lupta\u201d.<\/strong><br \/>\n<strong>We thought we would succeed and we would not give up. Following several discussions with the County Council and Media\u0219 City Hall, they decided to help us by paying us the salaries of 3 therapists and offered us a space in which to carry out our activity. For us, this means that the sky has finally turned blue, that we have not fought in vain.<\/strong><br \/>\n<strong>We still need teaching materials, materials for the sensory room, we will have expenses with the opening of the space.<\/strong><\/p>\n<p><strong>So what at first seemed like a dream, today is a joyful reality. Although we have little time since its establishment, the Saint Casian Medias Association has become the bridge on which these special children, with TSA, autism and ADHD coming out of isolation, step into the world they deserve. To all this is added the essential ingredient: &quot;Children with special needs feed with attention, love and play.&quot;<\/strong><\/p>","protected":false},"excerpt":{"rendered":"<p>Povestea noastra \u00a0 \u00a0 \u00a0 \u00a0 Suntem o asociatie din orasul Medias jud Sibiu compusa din \u00a0p\u0103rin\u021bi a copiilor cu autism, avand ca scop recuperarea copiilor nostri.\u00centr-o lume \u00een care a fi diferit nu este tolerat u\u0219or, \u00een care dreptul la educa\u021bie \u0219i o copil\u0103rie fericit\u0103 este furat de diagnostice pe care copiii le primesc &hellip; <\/p>\n<p class=\"link-more\"><a href=\"https:\/\/asca.ro\/en\/povestea-noastra\/\" class=\"more-link\">Continue reading<span class=\"screen-reader-text\"> &quot;Our story&quot;<\/span><\/a><\/p>","protected":false},"author":2,"featured_media":0,"parent":0,"menu_order":0,"comment_status":"closed","ping_status":"closed","template":"","meta":{"give_campaign_id":0,"footnotes":""},"class_list":["post-594","page","type-page","status-publish","hentry"],"campaignId":"","_links":{"self":[{"href":"https:\/\/asca.ro\/en\/wp-json\/wp\/v2\/pages\/594","targetHints":{"allow":["GET"]}}],"collection":[{"href":"https:\/\/asca.ro\/en\/wp-json\/wp\/v2\/pages"}],"about":[{"href":"https:\/\/asca.ro\/en\/wp-json\/wp\/v2\/types\/page"}],"author":[{"embeddable":true,"href":"https:\/\/asca.ro\/en\/wp-json\/wp\/v2\/users\/2"}],"replies":[{"embeddable":true,"href":"https:\/\/asca.ro\/en\/wp-json\/wp\/v2\/comments?post=594"}],"version-history":[{"count":7,"href":"https:\/\/asca.ro\/en\/wp-json\/wp\/v2\/pages\/594\/revisions"}],"predecessor-version":[{"id":1477,"href":"https:\/\/asca.ro\/en\/wp-json\/wp\/v2\/pages\/594\/revisions\/1477"}],"wp:attachment":[{"href":"https:\/\/asca.ro\/en\/wp-json\/wp\/v2\/media?parent=594"}],"curies":[{"name":"wp","href":"https:\/\/api.w.org\/{rel}","templated":true}]}}

<p style="text-align: center;" align="center"><strong>Our story</strong></p>
<p style="text-align: center;" align="center"><strong>        Suntem o asociatie din orasul Medias jud Sibiu compusa din  părinți a copiilor cu autism, avand ca scop recuperarea copiilor nostri.Într-o lume în care a fi diferit nu este tolerat ușor, în care dreptul la educație și o copilărie fericită este furat de diagnostice pe care copiii le primesc din ce în ce mai des, am înțeles că împreună, părinți și specialiști trebuie să luptăm impreuna pentru recuperarea copiilor </strong><strong>noștri.In prezent 1 din 44 de băieţi şi 1 din 84 de fete sufera de tulburare din spectrul autist.</strong></p>
<p><strong>Asociatia a fost înființată în anul 2018 de 5 părinți cu copii diagnosticați cu autism. Între timp numarul copiilor de care ne ocupam a ajuns la 32. Vorbim despre copii cu afecțiuni din gama autismului ,TSA, ADHD, retard în dezvoltare, copii cu Cerințe Educaționale Speciale.(CES)</strong><br />
<strong>We started on this road because there are not enough places in Mediaș to treat these diseases and we thought it was time for us, the parents, to get involved.</strong><br />
<strong>These children need as therapy treatment, they need behavioral therapy, sensory therapy, speech therapy, occupational therapy, therapies that should be done daily and should not be interrupted. These therapies cost a lot. The children in the association are between 3 and 13 years old and many have chances to recover.</strong><br />
<strong>Asociația Sfântul Casian a dorit înfințarea unui centru de zi pentru copii, unde terapia să fie gratis. Până nu demult ni s-a spus că nu există așa ceva și nu va exista niciodată. Ei bine, noi, nu ne-am mulțumit cu acest răspuns și am continuat “ lupta”.</strong><br />
<strong>We thought we would succeed and we would not give up. Following several discussions with the County Council and Mediaș City Hall, they decided to help us by paying us the salaries of 3 therapists and offered us a space in which to carry out our activity. For us, this means that the sky has finally turned blue, that we have not fought in vain.</strong><br />
<strong>We still need teaching materials, materials for the sensory room, we will have expenses with the opening of the space.</strong></p>
<p><strong>So what at first seemed like a dream, today is a joyful reality. Although we have little time since its establishment, the Saint Casian Medias Association has become the bridge on which these special children, with TSA, autism and ADHD coming out of isolation, step into the world they deserve. To all this is added the essential ingredient: &quot;Children with special needs feed with attention, love and play.&quot;</strong></p>

<p>Povestea noastra         Suntem o asociatie din orasul Medias jud Sibiu compusa din  părinți a copiilor cu autism, avand ca scop recuperarea copiilor nostri.Într-o lume în care a fi diferit nu este tolerat ușor, în care dreptul la educație și o copilărie fericită este furat de diagnostice pe care copiii le primesc &hellip; </p>
<p class="link-more"><a href="https://asca.ro/en/povestea-noastra/" class="more-link">Continue reading<span class="screen-reader-text"> &quot;Our story&quot;</span></a></p>
